*k**2 - 2*k - 4. What is c(y)?
-7
Let p(w) = -19111024*w**3 + 19111030*w**3 + 0*w + w. Let y(x) = x**2 + 4*x + 4. Let q be y(-3). What is p(q)?
7
Let i be (-8)/(0 + 8/(-16)). Suppose 86*f + i = 90*f. Let u(o) = -o**3 + 4*o**2 - 3*o + 1. What is u(f)?
-11
Let i(c) = -67 - 40 + 63 + c**2 - 7*c - 20*c. Let t be i(29). Let g = t + -9. Let r(n) = n**3 - 5*n**2 - 4*n + 4. What is r(g)?
-16
Let y(g) = -4 + 25*g + 17960*g**2 - 16 - 17963*g**2. What is y(7)?
8
Let c(l) = -2 - l**3 + 27*l + 7*l**2 - l**2 - 33*l. Let b be ((4 - 5) + -4)*-5. Suppose -3*k + 8*k - b = 0. Calculate c(k).
-7
Suppose 763 = 3*b + 2*q - 0*q, -q - 497 = -2*b. Let d(m) = b - 501 + 256 + m. Calculate d(-9).
-3
Suppose -3*i = 2*i + 4*z - 6, 3*i = 4*z + 10. Let j(f) = -30*f**2 - 22*f**2 + 53*f**i + 0*f - 2*f + 4. What is j(0)?
4
Let d(z) = 3*z - 30. Let o be 2/(-3)*(-627)/38. Let h be d(o). Let q(n) = n**2 - 2*n. Determine q(h).
3
Let i(m) = -11*m + 61. Let y(s) = 21*s - 103. Let k(n) = 5*i(n) + 3*y(n). What is k(3)?
20
Let j be (-301)/(-4) - 1/4. Suppose 0*q - 25 = -3*q + 2*l, l - 5 = -2*q. Let m be 68/(-10) + -3*q/j. Let t(n) = n**3 + 7*n**2 - n - 3. What is t(m)?
4
Let r(s) = -6*s**3 + 2*s**2 - s. Let m(w) = -w**2 + w + 37. Let i be m(0). Let o = i - 36. Determine r(o).
-5
Let z(l) = l**2 + 4*l - 6. Let c(x) = -x**2 - 10*x - 18. Let f be c(-6). Suppose -2*h + f = 4*s, 0 = -2*h - 5*s + 9 - 1. Let w be h/(7/6 + (3 - 4)). Give z(w).
6
Let l(i) = 64*i**3 + i. Suppose -m + 4*v + 23 = 0, 272*m - 271*m - v = 5. Give l(m).
-65
Let w(c) = -20*c**2 - 5*c + 19*c**2 + 14*c - 5. What is w(9)?
-5
Suppose -5*w - 3*s - 126 = -47, 0 = -4*w - 5*s - 84. Let l(y) = -y**2 - 10*y - 31. Calculate l(w).
-42
Let u(y) = y + 9. Let j(r) = r + 56. Let w be j(-35). Let o be w/(-6)*408/119. Give u(o).
-3
Let k(n) be the third derivative of -n**4/24 - 19*n**3/6 - 234*n**2 - 2*n. Give k(-19).
0
Let o(d) = -2*d - 1. Suppose 0 = -16*b + 4 - 84. Let p be (-23)/b + (-27)/45. Calculate o(p).
-9
Suppose 0 = 480*g - 504*g - 96. Let z(w) = -w**3 - 7*w**2 - 6. Calculate z(g).
-54
Let c(z) = -490*z - 4413. Let d be c(-9). Let o(i) = 2*i**2 - 2. Calculate o(d).
16
Let b be (-2)/(-12)*3*-12. Let m(i) be the third derivative of 0 + 1/24*i**4 - 1/120*i**6 - 1/10*i**5 - 60*i**2 + 0*i + 1/6*i**3. Determine m(b).
-5
Let q(o) = -1. Let l(r) = -r - 1. Let g(x) = l(x) - 4*q(x). Let m be (-42)/2 + 2/6*0. Let p be 74/(-777) - (149/m + -1). Determine g(p).
-5
Let w(o) be the first derivative of -o**6/120 - o**5/30 + o**4/12 - o**3/3 + 83*o**2/2 + 121. Let y(m) be the second derivative of w(m). Calculate y(2).
-14
Let u(o) = -8033*o**2 + 111 - 146 + 8035*o**2 - 65*o. What is u(33)?
-2
Let x(h) be the third derivative of -h**4/8 + 8*h**3/3 + 6*h**2 + h. Let f = 108 + -101. What is x(f)?
-5
Let t(l) = -l**3 - 8*l**2 - 9*l - 8. Let f be 1/2*8 + 92. Let z = f - 67. Suppose 3*n = v - 18, -v = 5*n - 3*v + z. Give t(n).
6
Let l(r) = -2*r - 9. Let c = -44 - -50. Let o(j) = -j - 5. Let b(m) = c*l(m) - 13*o(m). Calculate b(-6).
5
Let u(b) = -2*b**2 - 8*b + 10. Suppose -v = -5*s + 5, 3*s - 2*s = 2*s. Give u(v).
0
Let u(t) = -t**3 + 11*t**2 - 4*t + 46. Let m be u(11). Suppose -2*y = m*f - 0*y + 8, -44 = 5*f - 3*y. Let p(g) = -4*g - 6. What is p(f)?
22
Let m(v) = v**3 - 4*v**2 - 9*v + 3. Let x be m(6). Suppose -x = -12*y + 3. Suppose 5*u = 5, -y*z + 0*z = -2*u. Let r(q) = -3*q**2 + q - 1. What is r(z)?
-3
Let h = 43 - 62. Let l(f) = f**3 + 20*f**2 + 19*f + 5. Let c be l(h). Let g be (27/(-45) - 7/c) + -2. Let s(i) = i**3 + 4*i**2 + i + 5. Calculate s(g).
1
Let h be -21 - (-43 + 25) - -10. Let z(c) = -c**2 + 5*c - 16. Let f(q) = 3*q**2 - 16*q + 47. Let d(m) = -3*f(m) - 8*z(m). Calculate d(h).
-6
Let u(y) be the second derivative of 1/6*y**3 + 5/2*y**2 + 0 - y. Suppose d - 4*b = -21, -4*b = 4*d + b. What is u(d)?
0
Let t(b) be the third derivative of -b**4/24 - 27*b**2 + 4*b + 3. Let j be (-1 - (1 + 0)) + -7. What is t(j)?
9
Let u(b) = -b**3 + b + 39. Suppose 0 = d - 4*s + 32, 23*d - 2*s + 16 = 19*d. Determine u(d).
39
Let s(t) = -t**3 + 8*t**2 - 7*t + 8. Let i be (629/(-34))/(-2*2/128). Let m = i - 586. What is s(m)?
38
Let n(d) = -67 - 3*d + 69 - 6*d. Let g be 92/(-69)*(-6)/(-4). What is n(g)?
20
Let a(z) be the third derivative of -5/8*z**4 - 5/6*z**3 + 0 - z - 1/60*z**5 + 3*z**2. Give a(-15).
-5
Let n be (2 + -3)*-4 - -3. Let w be n/(0 - -2 - 3). Let f(g) = 36 + g**2 - 12 - 16 + 8*g. Give f(w).
1
Let k(r) = r**2 + 33 - 9 + 54 + 8 + 27*r. Calculate k(-23).
-6
Let k(w) be the second derivative of -w**7/2520 - 11*w**6/720 - w**5/20 + w**4/4 + w**3/2 - 18*w. Let j(d) be the third derivative of k(d). Give j(-10).
4
Let m(n) be the first derivative of -n**2/2 - 6*n - 2. Let t = -1 - 11. Let d be ((-8)/6)/(t/(-18)) - 1. Calculate m(d).
-3
Let i(k) = 3*k + 3. Suppose 29*c - 27*c + q - 10 = 0, -3*c = -q - 10. Let j(s) = 15*s + 13. Let t(x) = c*i(x) - j(x). Calculate t(-6).
17
Let o(f) = -f**3 - 8*f**2 - 8. Suppose 48 = -y - 3*w, -2*y - 66 = -0*y - 4*w. Let r = -255 - y. Let z be (-10)/35 + r/28. What is o(z)?
-8
Let r(x) = -x - 3. Let l = 87 - 85. Suppose 0 = -j - a + 8, 10 = l*j + 2*a - 3*a. Give r(j).
-9
Suppose 2*m + 4 = 3*m. Let c(g) = 3 + 2*g + g**3 + 1 - m*g**2 + 2*g. Suppose 0 = 28*a - 3*a - 100. Give c(a).
20
Let l(u) be the first derivative of u**4/4 - 4*u**3/3 + u**2/2 + u + 85060. Suppose 2*j - 1 = y + 5, 5*j - 5*y = 10. Determine l(j).
5
Let y(a) = 5*a**3 - 15*a**2 + 42*a. Let r(k) = k**3 - 4*k**2 + 10*k. Let d(n) = -9*r(n) + 2*y(n). Let w = -19 + 14. Let l be w/(20/(-12)) + -10. Determine d(l).
-7
Let v = 9400 - 9393. Let o(w) = -w**3 + 8*w**2 - 3*w - 12. Give o(v).
16
Let i(h) = -24*h - 162. Suppose 5*x - 20 = 51*t - 46*t, -2*t = -3*x + 5. Determine i(t).
6
Let c(f) = 5*f + 2*f**2 + 0*f - 3*f**2 + 2*f. Suppose -46*w - 23*w + 483 = 0. Calculate c(w).
0
Let q(y) be the first derivative of -2*y + 51. Let r(z) = 2*z - 15. Let g(w) = 6*q(w) - r(w). Give g(-6).
15
Suppose -110 = 9*l + 2*l. Let d(u) = u**3 + 8*u**2 - 19*u + 9. Let f be d(l). Let c(g) = 19*g + 9*g**3 - 4*g + g**2 - 5*g - 9*g + 1. Give c(f).
-8
Let p be ((-2)/5)/((-8)/40). Let d(b) = 11 + 2*b**2 - 2*b**2 - b**3 + b**p. Let k = -154 + 154. Determine d(k).
11
Let h(d) = -6*d + 6. Let g be h(1). Let b(q) = -q**3 - q**2 + 2*q - 5. Let z be b(g). Let w(p) = 2*p**3 + 9*p**2 - 5*p - 2. Calculate w(z).
-2
Let l = -17101 - -17103. Let x(p) = -2*p**3 - p**2 + 3*p + 3. Calculate x(l).
-11
Suppose 426 + 14 = 88*o. Let q(a) be the second derivative of -a**3/2 + a**2/2 - a. Calculate q(o).
-14
Let n(f) be the third derivative of -f**6/120 + 23*f**5/60 + 49*f**4/24 + 53*f**3/6 - 7207*f**2. Give n(25).
28
Let g(o) = 2*o**2 + 5*o - 7. Let b = -5867 - -5869. Give g(b).
11
Let m(b) = b + 2. Let k be (-7272)/(-216)*1/(1/9). Let t = 301 - k. Calculate m(t).
0
Let t(q) be the second derivative of -q**4/12 - 9*q**3/2 + 86*q**2 - 1471*q - 2. What is t(5)?
12
Let z be (-2)/(-17)*-1 + 583/187. Let u(a) = 4*a + 5. Let d(v) = 9*v + 9. Let p(s) = -6*d(s) + 11*u(s). Calculate p(z).
-29
Let r(h) = -h**2 + 29*h + 172. Let d be r(34). Let g(l) = l + 28*l**3 - 27*l**3 - 11*l**d + 5 - l - l**2. Let x = 3 - -9. Give g(x).
5
Let y(u) be the second derivative of 35*u**4/12 + u**3/3 + 3*u**2 - 5732*u. Calculate y(-2).
142
Let h(n) = -n**2 + 9*n - 5. Suppose -6*u + 4*f = -8*u + 318, 4*f - 479 = -3*u. Suppose -154 = y - u. What is h(y)?
9
Let h(z) = -z**2 + 5 + 0 - z + 0*z**2. Let b be (-644)/84 + 4/6 + 3. Let m be (14/b + 3)/(2/16). Determine h(m).
-7
Let k = 20334 - 20345. Let d(l) = 25*l + 278. Determine d(k).
3
Let g(d) = 19*d**3 + 53*d**2 + 159*d - 16. Let j(a) = -79*a**3 - 215*a**2 - 638*a + 65. Let k(n) = -25*g(n) - 6*j(n). What is k(-5)?
-5
Let h(z) be the first derivative of -11*z**2/2 - 2*z + 13. Suppose 27*q + 11 = 29*q + 3*r, 0 = -q + r - 7. Give h(q).
20
Let t(w) be the second derivative of 3/2*w**2 - 2/3*w**3 - 2 + 26*w - 1/6*w**4. Let u = -7 + 9. Determine t(u).
-13
Let a be 2*(48/(-28) - 8/28). Let q(r) = -r**3 - r**2 + 10*r + 17. Give q(a).
25
Let m(c) = 2*c**3 + 15*c**2 - 18*c - 20. Let i(w) = -w**3 - 7*w**2 + 9*w + 9. Let k(g) = 7*i(g) + 3*m(g). What is k(-5)?
-17
Let r(h) = -h**3 - 4*h**2 + 5*h - 15. Let i be r(-6). Let v(y) = -91*y + i*y + 65*y + 9. Calculate v(-8).
1
Let j(r) = 2*r**2 + 20*r - 104